 a*k - 4*m = -0*k + 25, -5*m + 5 = k. What are the prime factors of k?
5
Suppose 3*b - 48 = -b. Suppose -30 + b = -3*s. What are the prime factors of s?
2, 3
Suppose -4*m - 4*u + 0*u = -104, -2*m + 3*u = -57. Let i be (-70)/(-4) + 1/2. Let k = m - i. List the prime factors of k.
3
Let l = -10 + 41. List the prime factors of l.
31
Let w(x) = 2*x**3 - 13*x**2 + 10*x + 19. What are the prime factors of w(8)?
3, 97
Suppose 0 = -5*i + 31 + 54. What are the prime factors of i?
17
Suppose -p + 10 = p. Suppose 3*w + 4*q - 5 - 62 = 0, -p*w = -q - 104. What are the prime factors of w?
3, 7
Suppose -5*u = -6 - 4. What are the prime factors of u?
2
Let d(n) = 2*n**2 + 1. Let x be d(-1). Let t = x - 8. Let v = t - -13. List the prime factors of v.
2
Suppose -o - 4*o = y - 17, -o = 4*y - 11. Suppose 0*x = -o*x + 6. List the prime factors of x.
2
Let y(m) = -m**2 + 6*m + 5. Let d = 17 - 11. What are the prime factors of y(d)?
5
Suppose 0 = 3*f + 2*f - c - 19, c + 1 = -f. Suppose -r - f = -g + 8, -3*g + 53 = 2*r. Suppose g = 4*h - 17. List the prime factors of h.
2
Let k(p) = -16 - p - 3*p - 3. Let i(r) = -2*r - 9. Let z(q) = 9*i(q) - 4*k(q). What are the prime factors of z(-6)?
7
Suppose -q + 127 = 2*p, 0 = p - q - q - 66. Suppose -3*c + p = 4*r, 3*c - 99 + 19 = -5*r. List the prime factors of r.
2
Suppose -r - 232 = -4*r + 2*l, r - 76 = 2*l. What are the prime factors of (r/9)/(6/9)?
13
Let c be 30/8 + (-7)/(-28). What are the prime factors of (-6)/(-9)*c*6?
2
List the prime factors of (-1)/(2/4 - 468/920).
5, 23
Let c(h) = -h**2 - 5*h + 5. Let s be c(-6). Let x = s - -3. List the prime factors of x.
2
Suppose -4*v = -8*v. Suppose 2 = d - 4*a + 3*a, -a = v. What are the prime factors of d?
2
Suppose -5*h - 3 = 7, m + 5*h + 5 = 0. Suppose -14 = -2*d - 2*t - 0*t, -m*d + 4*t = -8. List the prime factors of d.
2
Suppose 2*f + 10 = g - 5*g, g = 3*f + 15. Suppose g = -2*w + 7*w + 15. List the prime factors of (3/5)/(w/(-15)).
3
Let n = 2 + -4. Let c be -3 - (-1 + (-2 - n)). Let s = 5 - c. What are the prime factors of s?
7
Let d = -3 + 4. Let l = 3 - d. Suppose -5*g + 33 = 2*f + l*f, 5*g = 3*f + 19. What are the prime factors of g?
5
Let t be (-2 - -29) + 12/(-4). Suppose -3*z + 21 + t = 0. List the prime factors of z.
3, 5
Suppose -z - 9 = -2*m + 7, -z = 4*m + 34. What are the prime factors of -4 - (2 + -3 + z)?
19
Suppose -12 - 9 = -3*l. What are the prime factors of 4/l + (-555)/(-21)?
3
Let z = -587 + 1044. What are the prime factors of z?
457
Let w(d) = 3*d**2 + 9*d + 5. Let h be w(-7). Let r be 6/21 - h/(-7). Let i = r + -9. List the prime factors of i.
2
Let c = 2639 - 1198. Suppose 5*q = c - 21. List the prime factors of 3/(-4) + q/16.
17
Let y(v) = -v**2 - 11*v + 2. Let a be y(-12). Let x = a - -19. List the prime factors of x.
3
Let l = 28 - -20. List the prime factors of l.
2, 3
Let s = 0 + 8. What are the prime factors of s?
2
Let l(n) = 91*n + 1. List the prime factors of l(1).
2, 23
List the prime factors of (-6)/(-4)*((-444)/9)/(-1).
2, 37
Suppose -2*p = 2*p - 16. Suppose -91 + 12 = -3*m + 4*z, 68 = 4*m + p*z. List the prime factors of m.
3, 7
Let i(p) = p**2 + 5*p + 2. Let t be i(-4). List the prime factors of t/10 + 244/20.
2, 3
Suppose -5*w = 38 - 153. What are the prime factors of w?
23
Suppose -4*m + 30 + 46 = 0. What are the prime factors of m?
19
Let y = -46 + 101. List the prime factors of y.
5, 11
Let x(h) be the third derivative of -h**4/8 + h**3/6 - 3*h**2. Let g be x(-11). List the prime factors of 2/9 + g/9.
2
Let m(o) = 5*o - 3. Let r be m(3). Let h = 3 + r. What are the prime factors of h?
3, 5
Let d be (21 + 1)*(-3)/(-6). Let r be 6/(-33) - (-167)/d. Suppose -q = -4*q + r. What are the prime factors of q?
5
Let k = 2 + 58. What are the prime factors of k?
2, 3, 5
Suppose 0 = -v - 3 + 5. Let f = 10 + -14. List the prime factors of v/f*-4*1.
2
Suppose 5*w - 3 = -2*l + 5*l, -1 = l + 3*w. What are the prime factors of (2/l)/(1/(-2))?
2
Let b = -38 - -62. What are the prime factors of b?
2, 3
Let d = 22 + -7. Let b = -6 + d. List the prime factors of b.
3
Suppose -3*x + 3 - 6 = 5*g, x = -g + 1. Let n be (4 - x)/(0 + -1). What are the prime factors of 1 - (-2 + n/3)?
3
Suppose -2*v = 2*v + 176. Let f = 80 + v. What are the prime factors of f?
2, 3
Let y = -6 + 10. Let a be 6/y + (-11)/(-2). Suppose -4*c + a*c = 24. List the prime factors of c.
2
What are the prime factors of 252 + 9 + -5 + -6?
2, 5
Let t = -74 + 116. Suppose 5*d - t = -12. List the prime factors of d.
2, 3
Let j = -153 - -231. Suppose -j = -0*n - 3*n. List the prime factors of n.
2, 13
Let r = 241 + -127. List the prime factors of r.
2, 3, 19
Let j(v) = v**3 - 2*v. Let x be j(2). Suppose -2*o = -x*d + 74, 2*d - 5*o = 7*d - 55. List the prime factors of d.
2
Let a be 5*1/((-5)/(-3)). Suppose 4*c - c = a. Suppose 15 = -3*t, -3*j - t + 9 + c = 0. List the prime factors of j.
5
Let k = 3 - -1. Suppose -4*y = -3 - 5. Let i = k + y. List the prime factors of i.
2, 3
Suppose 0*f = -2*f - 4. Let b be (52/12)/(f/6). Let x = 23 + b. What are the prime factors of x?
2, 5
Suppose 2*b = 5*b - 459. List the prime factors of b.
3, 17
Suppose -5*k = -7 - 28. Suppose -5*q + 89 = -3*p, -60 = -3*q + 2*p - k. List the prime factors of q.
19
Let d(n) = -n**3 + 10*n**2 - 16*n + 15. List the prime factors of d(8).
3, 5
Let q(n) = 4*n + 10. What are the prime factors of q(12)?
2, 29
Let j(y) = -y**2 - 8*y + 4. Let i be j(-8). Suppose v - 139 = -5*r + 122, 0 = -3*r + i*v + 175. What are the prime factors of r?
53
Let a(b) = -5*b. Let f(m) = -4*m + 1. Let u(l) = 2*a(l) - 3*f(l). Let d be u(6). List the prime factors of -3*((-30)/d)/2.
5
What are the prime factors of -14*(0 + -1 - 1/1)?
2, 7
Suppose 4*c + 2*r = -0*r + 76, 0 = -2*r + 4. List the prime factors of c.
2, 3
Suppose -3*b = -5*z - 68, -6*b + 3*b = 2*z - 103. What are the prime factors of b?
31
Let y(j) = 5*j**2 - 5*j + 3. Let b be y(3). Suppose -4*l - 6 + b = -x, -l = -3*x + 7. What are the prime factors of l?
2
Let w = 173 + 70. What are the prime factors of w?
3
Let s(c) = 10*c**2 - 10. What are the prime factors of s(-4)?
2, 3, 5
Let t(c) = 8*c - 8. What are the prime factors of t(5)?
2
Suppose -3*x + 119 = 41. What are the prime factors of x?
2, 13
Let n be (-1)/(-1)*(-3 - 0). What are the prime factors of (-30)/n - 2*1?
2
Let c(o) = -o - 5. Let s be c(-6). Suppose u - 3*q - 16 = 0, 3*u + q + 1 = -s. What are the prime factors of u/((-2 + 4)/10)?
5
Let h(f) = -f**2 - 7*f - 6. Let b be h(-4). Let w = -10 + b. Let l = 9 + w. List the prime factors of l.
5
Suppose 5*t - 4*t - 3 = -m, 3*m + 5*t - 11 = 0. Suppose 2*r - 27 = 3*b, -2*r + 15 = -m*b - 7. What are the prime factors of r?
2, 3
Let v be -8 - 1 - (-2 + 3). Let f(i) = -5*i + 3. Let w be f(4). Let p = v - w. What are the prime factors of p?
7
Let x(n) = 4*n + 2*n**2 - 3*n**3 + 4*n**3 - 7*n**2 + 1. List the prime factors of x(5).
3, 7
Let t = -23 + 30. Let d(p) = -p**2 - 3*p - 3*p - 5 + 2*p**2. What are the prime factors of d(t)?
2
Suppose -10 = 2*q + 26. Suppose -4*b + 133 = -2*k - k, 4*b + k - 153 = 0. Let n = b + q. What are the prime factors of n?
19
Let w(i) = i**2 - 5*i - 3. Let p be w(8). Suppose b - p = -5*k, b - 7 = 3*k - k. What are the prime factors of 3/(0 - -3) + b?
2, 3
Let c(q) = -q + 8. Let l be c(6). Let o = l + -6. List the prime factors of 44/6 + o/(-6).
2
Let k(o) = o**3 - o**2 + o + 41. List the prime factors of k(0).
41
Let b be 0 + (3 - 0)/1. Suppose 0 = -b*a + 5*a - 4. List the prime factors of 11/a - (-3)/(-2).
2
Let k = -47 + 25. Suppose 0 = -5*r - 0*i + 4*i + 175, 0 = -3*i. Let p = r + k. List the prime factors of p.
13
Let u be (7/(14/12))/2. Suppose 3*l + u = -24. Let t = 13 - l. What are the prime factors of t?
2, 11
Let q be (-4)/5*(-1060)/8. Let l = -55 + q. What are the prime factors of l?
3, 17
Suppose -2*p + 4*i = -457 + 153, i = -p + 161. What are the prime factors of p?
2, 79
Suppose -3*o = -3*n - 132, o - 3*n - n - 32 = 0. What are the prime factors of o?
2, 3
Let q be (2/(-3))/(8/(-12)). Suppose -39 = -4*x + q. Let h = x - 7. List the prime factors of h.
3
Let f be (16/6)/(5/15). Let a be 6/8*(0 + f). List the prime factors of 1/(-2) + 51/a.
2
Let y = 10 - 6. Suppose y*m = m + 84. List the prime factors of m.
2, 7
Let w(s) = s**2 - s - 3. S